n(i) = -a(i) + h(i). List the prime factors of n(13).
2, 17
Let l = 2 - 0. Suppose -2*f = -l*r + 4, 4*f = -3*r + 2*f + 21. List the prime factors of r.
5
Suppose 0 = 3*b - 2*b - 68. What are the prime factors of b?
2, 17
Suppose 4*b = 2*b - 3*n + 6, 3*n + 24 = 3*b. List the prime factors of (41/3)/(b/18).
41
Let y(j) = j**3 - 4*j**2 + 1. What are the prime factors of y(5)?
2, 13
Suppose -4*d = -d - 5*l + 20, -4*l = 4*d - 16. Suppose -5*w + 125 - 45 = d. List the prime factors of w.
2
Suppose 5*u + 25 = -0*u, -2*w - u + 67 = 0. What are the prime factors of w?
2, 3
Let k be 2/(-10) + (-6)/(-5). What are the prime factors of (-25*k - -1)*-1?
2, 3
Suppose 4*o = -5*g + 546, -9 = 4*o - 25. What are the prime factors of g?
2, 53
Let h(b) = 8*b**2 + 2*b. What are the prime factors of h(-2)?
2, 7
Let k(n) be the first derivative of n**4/4 - 2*n**3 - 3*n**2 - 3*n - 1. Let q be k(7). Let p = 10 - q. What are the prime factors of p?
2, 3
Suppose 5*a - 5*p = -105, -p = -5 + 2. Let g = -7 - a. List the prime factors of g.
11
Let f(a) = a**3 - 6*a**2 + a - 4. Let i be f(6). List the prime factors of 20*(4 + (-7)/i).
2, 5
Let n be (-3)/3 - (-9 + 0). Let z = -5 + n. Suppose 3*t - 6 = -3*l + 15, -4*l + 22 = z*t. List the prime factors of t.
2, 3
List the prime factors of 50 + 6*(-3)/6.
47
Suppose -4*a = -p - 16 + 1, 30 = p + 5*a. Suppose -1 = 3*q - p*l, l + 11 = q + 5*l. List the prime factors of -3*(3/q)/(-1).
3
Let h(w) = -5*w - 1. Let i be h(1). Let t be (20/(-6))/(i/9). Suppose 4*q + 4 = s + 34, 0 = -t*q + 4*s + 43. List the prime factors of q.
7
Let l = 31 + -26. What are the prime factors of l?
5
Suppose -3*o + 60 = -0*o. Suppose 0 = 4*k - o - 12. What are the prime factors of k?
2
Let v(o) = -6*o. Suppose -6 = 3*q - 3. List the prime factors of v(q).
2, 3
Let v = 169 + -111. List the prime factors of v.
2, 29
List the prime factors of 15/30 + (-6)/(-4).
2
Let s(l) = -8 + 2*l - 3*l - l. Suppose 3*m - 6 = -4*h - 37, -19 = 2*h + 5*m. What are the prime factors of s(h)?
2, 3
Suppose 5*h - 4*h + 3*n = 3, -4*h - 3*n = -21. Suppose h*z + 20 = 4*z. Let q = -3 - z. List the prime factors of q.
7
What are the prime factors of ((-1630)/30)/(2/(-6))?
163
Suppose -4*o = -6*o + 28. What are the prime factors of o?
2, 7
Suppose -4 = -f - 1. Suppose 5*o - f*o = 6. Suppose -4*b = -3*b - o. List the prime factors of b.
3
Let w(n) = 6*n - 5. Let i(c) = c. Let z(h) = 4*i(h) - w(h). List the prime factors of z(-5).
3, 5
Let f(o) = 3*o**2 + 6*o. Let k be f(-5). Let v = k - 25. What are the prime factors of v?
2, 5
Suppose 0*v - 4*v = -4*q + 32, q - 8 = -4*v. Suppose -5*z + z + q = 0. Suppose w - z*w + 8 = 0. List the prime factors of w.
2
Suppose -3*f - 2*j - 7 = 147, -20 = 4*j. Let m = -23 - f. What are the prime factors of m?
5
Suppose 6 + 3 = 3*z. Suppose 2 = -y + z*v - 53, 0 = v + 3. List the prime factors of (9/(-6))/(12/y).
2
Let l = 74 + -111. Let q = l - -72. What are the prime factors of q?
5, 7
What are the prime factors of 1/(2 - 111/57)?
19
Suppose o = 5*o - 12. Suppose -o*w + 0*w + 33 = i, 0 = 4*w + i - 44. What are the prime factors of w?
11
Suppose 0 = -5*q - 3*x - 15, 2*q - 6*q = x + 19. What are the prime factors of (-57)/q + (-3)/(-6)?
2, 5
What are the prime factors of (-368)/(-24) - (-4)/6?
2
List the prime factors of 7/(((-2)/(-4))/1).
2, 7
Let r(a) = 27*a - 2. Let v be r(-2). Let g be (-1)/(-3) + v/(-3). Let l = -11 + g. What are the prime factors of l?
2
What are the prime factors of 4/16 - 326/(-8)?
41
Suppose 0 = -k + 5, -5*l + l = -5*k - 551. Suppose -4*x - 3*o + l = -5*o, -3*x = 2*o - 94. What are the prime factors of x?
2, 17
Let b(v) = 97*v. List the prime factors of b(3).
3, 97
Suppose 4*z - 10 = 2*z. Suppose -2*l + 4 = 4*p, p - 4*p + 3 = l. Suppose z*o - 10 = -l. What are the prime factors of o?
2
Suppose 19 = -5*f + 79. Suppose -4*c + f - 100 = 0. Let y = -15 - c. What are the prime factors of y?
7
Suppose 3 = 3*m - 5*o - 1, 3*m - 12 = -3*o. Let r(l) = -m*l**2 - l**3 - 4 - 4*l + 4 - 1 + l. What are the prime factors of r(-3)?
2
List the prime factors of 0 + (-4)/(-14) + 957/7.
137
Suppose -4*b + 4*h + 1568 = 236, 5*b - 1657 = -3*h. List the prime factors of b.
2, 83
Let n(s) = s**2 - 6*s + 3. Let u be n(7). Suppose 0 = f - u - 0. List the prime factors of f.
2, 5
Let l = 71 + 8. What are the prime factors of l?
79
Let w = -3 - 4. Let t(d) = -d - 2. What are the prime factors of t(w)?
5
Let y(m) = m**3 - m**2 + 2*m - 1. Let k be y(1). Let n be (k + -4)/(15/(-25)). Suppose -n - 2 = -d. What are the prime factors of d?
7
Let d(c) be the third derivative of -c**6/120 + c**4/12 + c**2. Let m be d(-2). Suppose -4*g + m*k - 61 = -157, 2*g - 53 = 3*k. List the prime factors of g.
19
Suppose -3*o = -2*h - 0 - 31, 0 = -2*o - 2*h + 14. Let u = o + -5. Suppose -5*n + 4*n = -u. What are the prime factors of n?
2
Suppose -5*j - 16 = -k, j = 2*k - 4*j - 22. Let i = -4 + k. List the prime factors of i.
2
Suppose -5*c = -0*c + 25. Let t(j) = 2*j**2 + 3*j - 7. What are the prime factors of t(c)?
2, 7
Suppose 3*l - 1 = 4*l. What are the prime factors of -4 - l - -2 - -9?
2
Let u = -92 + 176. Suppose 0*m - 3*m = -u. List the prime factors of m.
2, 7
Let c be (12/8)/((-2)/8). Let b be ((-2)/c)/(1/9). Suppose 0*w + 12 = b*w. List the prime factors of w.
2
What are the prime factors of -3*(-26)/(-24)*-24?
2, 3, 13
Let b(y) = -y**2 + 14*y - 5. List the prime factors of b(11).
2, 7
Let x(y) = y**2 - y + 2. Let m be x(0). Let t be (0/2)/(6/m). Suppose 2*w - 8 - 14 = t. What are the prime factors of w?
11
List the prime factors of 1*2 + (1 - -4 - 1).
2, 3
Let u(h) = h**2 - 7*h + 6. Let w = 11 + -6. Let a be u(w). Let p = -1 - a. What are the prime factors of p?
3
Suppose r - 4 - 3 = 0. Suppose -r*n - 5 = -2*n. What are the prime factors of 14 + -2*(-1)/n?
2, 3
Let n(t) = -2*t + 3 - 3 - 3 + 2. Let l be n(-2). Suppose 8 + 1 = l*z. List the prime factors of z.
3
Let d = -4 + 6. Suppose 0 = -0*f + d*f - 34. Suppose k + 4*q + 20 = 5*k, -5*k + f = -q. List the prime factors of k.
3
Let z(h) be the second derivative of -h**5/20 - 5*h**4/12 - h**3/3 - 5*h**2/2 + h. What are the prime factors of z(-5)?
5
What are the prime factors of 4/(-6)*-123 - 4?
2, 3, 13
Let y(g) = 5*g**2 + 8*g - 9. Let k be y(5). Suppose -5*p = -2*p - k. List the prime factors of p.
2, 13
Let y be 5/(-20) + 2/8. Suppose -5*q + q + 32 = y. What are the prime factors of q?
2
Let l = -6 - -10. Suppose -l*a + 60 = -8. What are the prime factors of a?
17
Let z(f) = f**2 + 7*f + 6. Let i be z(-6). Suppose i = 4*w - b - 90, 0 = 5*w + 3*b - 0*b - 104. List the prime factors of w.
2, 11
Let d(x) = -x**3 - 5*x**2 + 8*x + 8. Let k be d(-6). Let c be 6 + 0*1/2. Let s = c + k. List the prime factors of s.
2
Suppose q = 5*q - 8. What are the prime factors of (1 - q) + 7 + 1?
7
Let m be ((3 - 3)/(-2))/(-2). Suppose -5*b + 3*q + 258 = m, 2*b - 4*q + 58 = 164. List the prime factors of b.
3, 17
List the prime factors of 149/3 - (-32)/24.
3, 17
Suppose r - i - 10 = 3*i, -5*r + 2 = 4*i. Let l be (-18)/(r + (-70)/32). Suppose -31 = 5*a - l. List the prime factors of a.
13
Let r = 30 - 14. Let n = r - -5. List the prime factors of n.
3, 7
Let f(d) = -d**3 - 3*d + 6. List the prime factors of f(-4).
2, 41
Let t = -3 + 15. Let m = 12 + t. List the prime factors of m.
2, 3
Let d(c) = c**3 - 3*c**2 + 4*c + 6. What are the prime factors of d(6)?
2, 3, 23
Let b(w) be the third derivative of 0 + 2/3*w**3 + 0*w - 1/120*w**6 - 4*w**2 - 5/24*w**4 + 1/10*w**5. List the prime factors of b(4).
2
Suppose 2*u = -0*v - 5*v + 50, -v = 5*u - 171. What are the prime factors of u?
5, 7
Let r = 20 - -17. List the prime factors of r.
37
Let p(t) be the third derivative of -1/12*t**4 - 5/3*t**3 + 2*t**2 + 0*t + 0 - 1/120*t**6 - 3/20*t**5. List the prime factors of p(-9).
2
Let o be (-1 + -3)*(-536)/32. Let j = o - 24. List the prime factors of j.
43
Let p(c) = -2*c**2 - 20*c - 15. List the prime factors of p(-8).
17
Let r = -1 + 6. Suppose r*s - s = -8, -3*u + 7 = 4*s. Suppose h = -2*h + 2*m + 14, -u*h - 5*m + 15 = 0. List the prime factors of h.
2
Let c = 9 + -13. Let i be ((-3)/c)/((-1)/4). Let q = i - -6. List the prime factors of q.
3
Let h(t) = t**2 + 6*t. Let u be h(-6). Let r be u/(4/(0 + 2)). Suppose 0 = -r*b - 5*b + 10. List the prime 